f. What is the highest common divisor of f and 3854?
94
Suppose 24*l + 501 = 54*l - 309. What is the highest common factor of 1323 and l?
27
Suppose -4*i - 5*m = -738, -i - 9*m = -5*m - 190. Suppose -14*n + 18*n = -a + 40, -68 = -2*a - 4*n. Calculate the highest common factor of i and a.
14
Suppose 0 = 50*p - 37 - 363. Let z = -11 + 13. Let q be ((-24)/(-28))/(z/28). What is the highest common factor of q and p?
4
Suppose 3*q + 3*c = 66, 0 = 5*q - 3*c + 4*c - 118. Suppose 23*s + q = 93. Calculate the greatest common factor of s and 51.
3
Let f = 357 + -241. Calculate the highest common divisor of f and 957.
29
Let i = 14805 - 14743. What is the highest common divisor of 3565 and i?
31
Suppose 145 + 275 = 86*t - 96. What is the greatest common factor of t and 1322?
2
Let c(w) be the third derivative of -3*w**4/8 - 68*w**3/3 - 3*w**2 + w. Let l be c(-17). Calculate the highest common divisor of 493 and l.
17
Let p be (-17 + 10 + -333)/(9/(2565/(-10))). What is the greatest common factor of 114 and p?
114
Suppose 3*k + 28 = 4*v, -v + 10*k - 12*k = 4. Suppose 0*o + o = -3, -189 = -v*s - o. Calculate the greatest common factor of s and 6.
6
Let u = 277 - 106. Let v be (8 - (-10912)/224) + 4/14. Calculate the greatest common divisor of u and v.
57
Suppose -8*v + 416 = -784. Calculate the highest common factor of v and 160.
10
Suppose -w - 4*r - 44 = w, 4*w + r + 109 = 0. Let p be (w/42)/((-2)/18*2). Suppose p*c = 621 + 69. What is the greatest common divisor of c and 46?
46
Let q be (-6306)/(-21) + (-6)/21. Suppose -b = 2*b - q. Suppose 4*t = 5*l - b, 91 + 9 = 5*l + 4*t. What is the highest common factor of l and 4?
4
Let l be (11/((-495)/(-18)))/(2/590). Suppose 0*s + 2*k - l = -2*s, s - 79 = -5*k. What is the highest common divisor of 90 and s?
18
Let d(s) = 24*s**2 - 30*s + 21. Let c be (4 - -2)*1*40/40. Let a be d(c). What is the highest common factor of 15 and a?
15
Let z(j) = 8*j + 25. Let o(k) = 8*k + 26. Let t(p) = -2*o(p) + 3*z(p). Let q be t(9). Suppose -13*c = -8*c - q. What is the highest common divisor of c and 152?
19
Let w be -4 + 31 - (6 - 3). Suppose -66 = -4*u - 2*r, 4*u + 84 = 9*u + 4*r. What is the greatest common factor of u and w?
8
Suppose 13981 - 35401 = -28*b. What is the greatest common divisor of b and 170?
85
Suppose -4*z + 54 = -z. Let v = 188 + -190. Let h(s) = -11*s**3 + 2*s**2 + 9*s + 12. Let g be h(v). Calculate the greatest common factor of g and z.
18
Suppose 2098*c + 1523 = 5*j + 2094*c, 4*c = j - 279. Calculate the highest common divisor of 3421 and j.
311
Let b be 32/6*(-6)/(-4). Let t be -1*(-12)/30 + (-838)/(-5). Suppose 40*w + t = 43*w. What is the greatest common divisor of w and b?
8
Suppose 408*i = 361*i + 102789. What is the highest common divisor of 405 and i?
81
Let b be 102/969 - (-1250)/38 - -7. Calculate the highest common factor of 664 and b.
8
Suppose -5*w - 25 = 4*f, f + 3*w + 15 = -0*f. Suppose f = -r - 2*p + 84, -10 = 5*p + 10. Calculate the highest common factor of r and 138.
46
Let o be -776*(-12)/(107 - 11). What is the highest common divisor of o and 1?
1
Suppose 4*b - 458 = -d, -4*d + 222 = 9*b - 7*b. What is the highest common factor of 368 and b?
23
Let x(s) = 28*s**2 - 4*s. Let n be x(3). Let g(r) = 22*r + 4. Let w be g(2). What is the greatest common divisor of n and w?
48
Let u(v) = v + 3. Let y be u(19). Suppose -4*i + a = -y, 11*i - 6*i - 36 = -3*a. Let m = -20 - -38. Calculate the highest common factor of m and i.
6
Let b be (-52)/(-39) - (-2328)/9. Calculate the highest common factor of 55 and b.
5
Suppose 18*p + 4*s + 318 = 20*p, -p - 3*s = -144. Calculate the greatest common divisor of p and 9.
9
Let c = -801 + 1967. What is the highest common divisor of 176 and c?
22
Let z be -3 - (-8445)/3 - -4. Suppose -8*o + 4*o = -z. What is the highest common factor of o and 11?
11
Suppose -18504 = -191*v + 262648. What is the greatest common factor of v and 128?
64
Suppose -94 + 29 = -x. Suppose 3*l - x = 79. Let m(u) = 25*u**2 + 2*u + 1. Let z be m(-1). Calculate the greatest common factor of z and l.
24
Suppose m = -3*s + 5664, 712*s - 709*s = -5*m + 5676. Calculate the highest common divisor of s and 714.
51
Suppose -15 + 16 = -5*c - 4*r, 5*r = 4*c - 32. Let u be -4*1/(-2)*-4. Let m be (4/(u/(-6)))/1. Calculate the highest common divisor of c and m.
3
Let i = 128 - -96. Suppose -955 = 3*k + i. Let q be k/(-1)*2/3 + -1. Calculate the highest common divisor of q and 29.
29
Let s(m) be the third derivative of -7*m**5/60 + 19*m**4/6 - 5*m**3/6 - 19*m**2 - 4. Let x be s(10). Calculate the greatest common factor of 220 and x.
55
Let f be (-1092)/(-108) + -10 + 250/18. Calculate the greatest common factor of 12796 and f.
14
Let t(o) = 4*o**2 - 3*o - 6. Let k be t(-4). Let x(i) = 72*i + 5914. Let g be x(-82). What is the greatest common factor of g and k?
10
Let f = 155 + -150. Suppose 0 = -f*a + 3 + 7, -4*u + 222 = a. Calculate the highest common factor of u and 220.
55
Let v be (-9)/(-27)*86/2*3. Let g(w) = -25*w**2 + 5*w + 4. Let n be g(-1). Let s = n + v. What is the highest common divisor of 68 and s?
17
Let v(s) = -202*s - 45. Let w(i) = 51*i + 12. Let m(r) = -6*v(r) - 26*w(r). Let l be m(-2). What is the greatest common divisor of 248 and l?
62
Let i be 95/(-12) + (-3)/36. Let o(l) = l**3 + 6*l**2 - 19*l - 10. Let n be o(i). Calculate the highest common factor of n and 7.
7
Let q = -9 + -99. Let b = 76 + q. Let y = b - -44. Calculate the highest common divisor of 48 and y.
12
Let y(d) = 360*d**2. Let j be y(1). Let b(p) = p**2 - 26*p + 128. Let t be b(22). Calculate the greatest common factor of j and t.
40
Let d = 61 - 39. Let v be d/((-13)/(26/(-4))). What is the highest common factor of v and 11?
11
Let v(g) = -50*g + 358. Let z be v(2). Calculate the greatest common factor of 7869 and z.
129
Let o(a) = 9 + 0 - 8*a - 1 + 3*a**2. Let j be o(5). Let l = -9 + j. What is the highest common divisor of 17 and l?
17
Let f(a) = 10*a - 44. Let o(x) = -x. Let v(h) = f(h) + 12*o(h). Let l be v(-28). What is the highest common divisor of l and 186?
6
Let q(y) = 2*y**2 + 8*y - 282. Let r be q(-15). What is the greatest common factor of r and 21?
3
Let u = 21239 - 15403. What is the greatest common divisor of 8 and u?
4
Suppose -7*x + 2374 + 6635 = 0. Calculate the greatest common factor of 2431 and x.
143
Suppose -9*q = -5113 - 395. Let y = q + -546. What is the highest common factor of y and 99?
33
Suppose -5*p = 3*d - 13, 5*d + 30 = -0*p + 2*p. Let w be 414 - (-6 + 0/p). Calculate the highest common factor of w and 120.
60
Suppose 3*a - 42 = -2*r, 5*r - 54 - 16 = -5*a. Let v(x) = x**2 + a*x + 15*x - 5 + 4*x - 32*x. Let z be v(2). What is the greatest common divisor of 1 and z?
1
Let u(q) = 138*q - 5622. Let h be u(41). What is the greatest common factor of h and 963?
9
Suppose -189241*v - 5100 = -189343*v. Suppose 5*j - k = 401, 3 = 3*j - 5*k - 242. Calculate the highest common divisor of j and v.
10
Let z be 108/(-3) + (-2)/(-12)*0. Let b be -82*((-76)/72 + 16/z). Calculate the highest common factor of 41 and b.
41
Suppose 16 = 2*w - 0*w. Suppose -135710 = -86*j - 86174. Calculate the highest common factor of w and j.
8
Let r(x) = x**2 - 10*x + 11. Let b be r(8). Let n be 2*-4 - (-8 - b - -3). Let j be (14/4)/((-1)/n). Calculate the greatest common factor of 308 and j.
28
Let o(f) = f**3 - 11*f**2 + 15*f - 25. Let m be o(10). Let c(k) = -69*k - 76. Let v be c(-4). What is the greatest common factor of v and m?
25
Suppose -16134 + 1724 = -22*s. Suppose -5*b = 525 - s. Let r be (-2 - -1)*(1 - 27). What is the highest common factor of b and r?
26
Let r(m) = m**3 + 27*m**2 + 10*m - 289. Let u be r(-24). What is the highest common divisor of 545 and u?
109
Suppose 0 = 17*s - 58841 - 27791. Suppose 394*f = 387*f + s. Calculate the highest common divisor of f and 56.
56
Suppose y + 15 = -5*w, y - 3*w + 19 = -12. Let m(x) = x**3 + 26*x**2 + 20*x - 53. Let r be m(y). Calculate the greatest common divisor of r and 12.
12
Let n = -15 - -25. Suppose -k = -c + 25, 4*k = 9*c - 249 - 51. What is the greatest common factor of n and c?
10
Let b = -8 + 10. Suppose 10 = b*i - i. Let w(a) = 3*a**2 - 8*a - 10. Let m be w(-4). What is the highest common factor of m and i?
10
Suppose 137*j - 99512 - 7967 = 10267